 is the highest common factor of k and 63?
7
Let l be (-27)/9 + (-20)/(-2). Suppose -5 = -l*y + 16. Suppose -5*a = -3*u - u - 362, -y*u = -6. Calculate the highest common factor of 185 and a.
37
Suppose 147*h - 1701 = 3444. Calculate the highest common divisor of h and 555.
5
Suppose -37*t + 2346432 = 326*t. What is the highest common divisor of t and 2020?
404
Let a be (25/(-15))/((-3)/9). Suppose 23 = -0*l - a*l + m, 2*m = 2*l + 14. Let u be (-118)/(-1) + (-2 - l)/1. What is the greatest common divisor of u and 48?
24
Suppose 46*n = 13*n + 396. What is the greatest common divisor of n and 556?
4
Let a = -4578 - -4728. Calculate the greatest common divisor of a and 42.
6
Suppose 5*d - 3*m + 2*m = 141, -d = 4*m - 24. Let s = -19 + d. Let v be (6/10)/(15/675). What is the greatest common factor of v and s?
9
Let u(i) = -3*i**2 + 21*i + 215. Let r be u(11). What is the greatest common factor of r and 4814?
83
Let r = -532 + 1204. Calculate the highest common divisor of 154 and r.
14
Let v = -2974 - -3002. Let n = 178 - 80. Calculate the highest common divisor of v and n.
14
Let i = -4978 + 4979. Calculate the greatest common divisor of 2129 and i.
1
Let z(t) = 2*t**3 + t**2 - 6*t + 8. Let p be z(2). Let c = 415 - 411. What is the greatest common divisor of c and p?
4
Let i(q) = -6*q - 48. Let f be i(-9). Suppose -2*z = -2*l + 9 + 1, -2*l - 4*z + 4 = 0. Calculate the highest common divisor of f and l.
2
Let g = 64 - 16. Let b = 14887 - 14875. What is the highest common divisor of b and g?
12
Let o = -9647 - -10407. What is the highest common divisor of 304 and o?
152
Suppose -4*q = 5*j - 12997, 0 = -4*q + 11*j - 15*j + 12996. Calculate the greatest common divisor of q and 16.
16
Let i = 97 - 184. Suppose -68 - 120 = 3*r - 44. Let t = r - i. What is the highest common divisor of t and 26?
13
Suppose -5*d + 155 = 2*j, 3*j - 97 = -2*d + 163. Let a = -1876 - -1886. What is the highest common factor of a and j?
10
Let k be (-12*13/(-10))/((-294)/(-28665)). What is the greatest common factor of k and 702?
117
Let r(w) = w**3 - 5*w**2 + 8*w + 3. Let m be r(4). Suppose m = s + 16. Let o be -2 + s + -1 + 24. Calculate the highest common factor of o and 60.
12
Suppose -29*s + 24*s + 1085 = -5*v, 3*s = 2*v + 646. What is the highest common factor of 2968 and s?
212
Let q = -212 + 520. Let i(f) = 36*f + 1460. Let v be i(-39). Calculate the highest common factor of v and q.
28
Suppose 1740 = 219*i - 218*i. Suppose i = -7*g + 36*g. What is the greatest common factor of g and 84?
12
Suppose -62*f + 588 = 36*f. What is the greatest common factor of f and 1449?
3
Let k(u) = 42*u**2 + 13*u - 53. Let r be k(3). Calculate the highest common factor of r and 1183.
91
Let d be ((-386)/11)/(-2) - (-6102)/(-11187). Calculate the greatest common divisor of d and 4.
1
Suppose 2*t + 2*p - 17 = 131, 4*t + 8*p - 280 = 0. What is the greatest common factor of t and 9555?
39
Suppose -4751 - 1025 = -46*j + 8*j. Calculate the highest common divisor of 7258 and j.
38
Suppose 0 = 11*j - 0*j - 66. Let g = 328 - 262. What is the greatest common divisor of j and g?
6
Let j(o) = -2*o**3 - 12*o**2 - 10*o + 2. Let z be j(-5). Suppose -4*c + z*v + 296 = 0, -4*c + 2*c - v = -156. Calculate the highest common divisor of 133 and c.
19
Let o be 3052*(12/(-9) + 0)*(-129)/86. Calculate the greatest common divisor of o and 56.
56
Let c be (9 + -7 + -306)*(-5)/2. What is the greatest common divisor of 684 and c?
76
Let w be 219*(4 - -2 - 2 - 3). Suppose 215*v - w*v = -32. Calculate the highest common factor of 72 and v.
8
Let f be 2/(-1) - 3*2/(-3). Suppose 633 = 5*a - c, 0 = 2*a + 2*c - f*c - 258. Suppose -6*w + a = -35. What is the highest common divisor of w and 108?
27
Suppose -46*g + 9180 = -16*g. What is the greatest common factor of 2601 and g?
153
Suppose -h - j + 337 = 0, 4010 = -2*h + 14*h - 5*j. Let x(t) = t**2 + 7*t + 5. Let q be x(-7). What is the highest common divisor of q and h?
5
Let r be 3 + 0 - (-5 + 5). Suppose 4*q + 4*d + 304 = 7*q, 2*d = -r*q + 280. What is the greatest common factor of 608 and q?
32
Suppose -5*n - 2*v + 233 = 0, -2*n + 190*v - 187*v = -78. What is the highest common factor of 1530 and n?
45
Let v be (281 - 7 - 8) + -5. Let n = -99 - -128. What is the greatest common factor of n and v?
29
Let w be -72*(-16)/(544/85). What is the highest common divisor of w and 4365?
45
Let t(x) = 6*x**2 - 57*x + 1640. Let u be t(22). What is the highest common factor of 14 and u?
14
Let m be ((-12)/(-9))/(5 + (-89165)/17835). What is the greatest common divisor of 58 and m?
58
Let q(i) = -i**2 + i + 75. Let b be q(-8). Suppose b = d, -6*x + d = -11*x + 723. What is the highest common factor of x and 36?
36
Let q(j) = 418*j + 10072. Let l be q(-24). Let o(d) = 147*d - 1. Let n be o(3). Calculate the highest common factor of l and n.
40
Let c = -5224 + 5438. What is the highest common factor of 5350 and c?
214
Let r(c) be the third derivative of c**5/60 - 7*c**4/12 + 5*c**3/2 - 150*c**2. Let v be r(19). What is the greatest common divisor of v and 15?
5
Let t(j) = 26*j**2 - 67*j + 59. Let s be t(1). What is the greatest common factor of 6276 and s?
6
Let w be 171/6 + 3/2. Let k = -17 + w. Let x be 32/(-2 + 4) - (k - 17). Calculate the greatest common factor of 20 and x.
20
Suppose 0 = 71*s - 64 - 93 - 127. Let g = 155 - 51. Let r = -68 + g. What is the greatest common divisor of r and s?
4
Let g = -10507 - -10617. Calculate the greatest common divisor of g and 836.
22
Let w = 318 - 269. Suppose -z + 0 + w = 0. What is the greatest common factor of 7 and z?
7
Suppose c + 6*p = 1861, 3653 = -4*c + 2*p + 11071. Calculate the highest common factor of 159 and c.
53
Let w(n) = 185*n**2 - 94*n - 353. Let k be w(-4). Calculate the greatest common factor of 157 and k.
157
Suppose g + 0*k - k - 63 = 0, 3*g - 191 = 5*k. Calculate the greatest common divisor of g and 3751.
31
Suppose -9*t = -2*t + 72*t - 1738. What is the greatest common factor of 20482 and t?
22
Let s = -228 - -231. Let p be (1479/(-116))/(s/(-16)). What is the greatest common factor of p and 68?
68
Let t(w) = 14*w**3 - w**2 - 3. Let i be t(2). Let z = 9 + 5. Let y(b) = -b**2 + 17*b - 12. Let s be y(z). What is the highest common factor of s and i?
15
Let j(v) = -19*v - 455. Let u be j(-45). What is the highest common divisor of u and 60?
20
Suppose 0 = 2*c + 2 - 8, 0 = 3*a + 2*c + 18. Let h be ((-3840)/42)/a*7/2. Calculate the highest common divisor of h and 10.
10
Let n(o) = 2*o + 1. Let m be n(1). Suppose -6*v + 3 = -m. Suppose 6*b - 49 = -v. What is the greatest common factor of 4 and b?
4
Suppose -4*j - l = 4*l - 46, -5*l + 55 = 5*j. Let d be (-2)/9 + 164/j. Let b = -39 + 84. Calculate the highest common divisor of b and d.
9
Let v be (-6)/9 + 3133/(-39). Let l = -46 - v. Calculate the highest common divisor of l and 35.
35
Suppose 521*w = 516*w + 915. Let f = 205 - w. What is the highest common divisor of f and 22?
22
Let q = -13806 + 14046. What is the highest common factor of q and 2480?
80
Suppose -800*p + 25155 = -755*p. Calculate the greatest common divisor of 39 and p.
13
Let v = 9 - 6. Let b(n) = 3*n**2 - 8*n + 2. Let q be b(v). Let y be q/15*(-18)/(-2). Calculate the greatest common factor of y and 3.
3
Suppose 3408 = -59*j + 6948. Calculate the greatest common factor of 10160 and j.
20
Let y = -1513 - -1567. Suppose 15*k - 144 = 11*k. What is the highest common divisor of k and y?
18
Let o(z) = 15*z + 672. Let t be o(-10). What is the greatest common factor of t and 8178?
174
Let m(i) = -i**3 - 20*i**2 - 14*i + 122. Let q be m(-19). Calculate the greatest common factor of q and 117.
9
Let w(r) = -2*r + 236. Let y be w(-21). What is the greatest common factor of y and 7506?
278
Let c(f) = -154*f - 4659. Let z be c(-35). What is the greatest common divisor of z and 561?
17
Suppose 125 = 2*o + 3*p, -6*o - p - 63 = -398. Calculate the highest common factor of o and 4895.
55
Let z be 0 + 4 + 6/(12/4). Suppose -11*m + 70 = -z*m. Suppose v - 166 + m = 0. Calculate the greatest common divisor of 19 and v.
19
Let d(k) = 26*k**2 - 15*k + 1. Let m = 368 + -370. Let c be d(m). What is the highest common divisor of c and 27?
27
Let g(t) = 28*t + 345. Let i be g(-10). What is the highest common factor of i and 208?